the value of (23 + 11 - ((1 - -6) + 5)) + 21 + -11?
32
What is (0 + 0 - (-5 + (6 - 0))) + 12?
11
Calculate -5 + 0 - (-48 + -29) - (626 - 633).
79
Calculate (147 - 157) + (-33 + 7 - -7) + -2.
-31
Calculate -66 - (-22 + (-110 - -59)).
7
What is (50 - -10) + -16 - ((7 - 9) + -5)?
51
Evaluate (0 - -126) + 1230 + -1264.
92
Evaluate -7 + (-3 - -2) + (1448 - 1445) - -27.
22
What is (-80 - -6) + -125 + 202?
3
Calculate 28 - (19 - -14) - -19.
14
Evaluate -28 + 54 - (134 + -71).
-37
What is the value of 6 + -131 - ((-1 - 17 - (-250 + 221)) + -3)?
-133
-2 - (12 + -6) - ((-43 - -2 - 25) + 18)
40
-47 + (-13 - -7) + 15 - (10 + -8)
-40
Calculate 37 + -12 + -6 + (52 - 51).
20
What is -4 + (-4 - 1) + -73 + -1 + 2 - 8?
-89
What is the value of 1 + (-60 - (-58 + 55 - (-4 - 15)))?
-75
What is the value of 26 - (-66 - -37) - 11?
44
Calculate (-24 + 7 - -7) + (-235 - -240).
-5
What is the value of (13 - 14 - (-12 - 0) - (5 + 1)) + -34?
-29
What is 0 - (15 + -10) - (71 + -36)?
-40
What is the value of 29 + -23 + -75 + 58?
-11
Calculate -1 + 10 + (-4 - (-4 - (-1 + -15))).
-7
What is 30 + -26 + 19 - (-4 + -2 + 21)?
8
Evaluate -52 + 4 + -18 + (0 - -9) + 3.
-54
What is (72 - 66) + 41 + -40?
7
What is 365 - 331 - (-1 + (0 - (4 - 2)))?
37
-56 + 16 + (10 - (-14 - -30)) - (1 - 4)
-43
Calculate (-16 + 26 - 36) + 0 - -25.
-1
Evaluate -8 + (27 - (-13 - (1 + -1))) + (0 - 15).
17
Calculate (-2 + (9 + 1 - 6) - -6) + -66.
-58
Evaluate 14 + (9 - 5) + -14 + (-80 - -10).
-66
Evaluate (0 - 6) + (65 - (-24 - -66) - 93).
-76
What is the value of 89 - (35 + 120 + -33)?
-33
Calculate -3 - ((2 - 1 - (-8 - (22 - 45))) + -1).
12
Evaluate ((5 - -3) + -23 - (-1 - 2)) + 10.
-2
2 - -8 - (-11 + -15 + 15 - (-6 - 50))
-35
What is -33 + (-3 - (-42 + 16)) - 63?
-73
What is the value of -6 - -2 - (1589 + -1534)?
-59
Evaluate 16 + -7 + (-2 + 1 - (-38 - (-30 - -3))).
19
Calculate -79 - (-21 + 1 + (10 - 17)).
-52
What is (6 - 6) + -9 + -45 + 167?
113
Evaluate 125 + -223 + 156 - (1 + -25).
82
Calculate 34 + 73 + -76 + (-4 - -2).
29
Calculate 0 + -2 + (-976 - -1010).
32
What is the value of 20 + 13 + -67 + (9 - (1 + -1))?
-25
Calculate 52 - (-13 - ((-7 - 1) + 11 - 6) - -17).
45
What is the value of (25 - (35 - 13)) + (1 + -1 + 1 - -50)?
54
Evaluate 7 + -37 + -7 + 4 + (14 - 2) + -4.
-25
13 + (3 + -4 - -6) + (-9 - -29) + 38
76
Calculate -2 + -1 + 6 + -1 + 31 + -43 - 1.
-11
Evaluate 35 + 11 + (-1 + -9 - (-38 + 22) - 21).
31
Evaluate 64 + -29 + (-3 - (-1 + 2)) + -4.
27
Evaluate (-18 - 0) + (-22 - -96 - 5) + -9.
42
(78 - 41 - 45) + (12 - 3)
1
Evaluate -16 - -1 - (-43 - -12) - (76 - 3).
-57
Evaluate (330 + -329 - (1 - -16) - -13) + 29.
26
Evaluate 10 + -83 - (-66 - 81).
74
Calculate 37 - (-10 - (-24 - (15 - 10))).
18
Calculate (9 - (-16 - (-108 + 14)) - 21) + (0 - 15).
-105
Evaluate 0 + 18 - ((-73 - -83) + 36).
-28
-25 + 60 + (-40 - -2)
-3
What is 81 + -104 + -65 + 131?
43
Calculate (-112 - -58) + -55 - (-4 - -18).
-123
What is 32 - (-76 + 41 - -28)?
39
What is the value of 13 + 13 + -24 + -2 + (26 - -1)?
27
Calculate (70 - (-65 + 94)) + -56.
-15
Calculate (8 - (-12 + 31)) + 15 - 3.
1
Evaluate (-10 - -1) + ((10 - 15) + -6 - -2).
-18
Evaluate (88 - (-43 + 14)) + -88.
29
What is 28 + (-36 - -8) - (4 - 1 - (-46 + 32))?
-17
Evaluate -5 + 7 - -4 - (-200 - -233).
-27
What is the value of -22 - (-46 - (84 - 83))?
25
Evaluate -8 + 0 - (-160 - (21 - 169)).
4
What is the value of (-73 - -38) + 48 + -11?
2
4 + -6 + 11 - (-50 - -116 - 70)
13
What is the value of 18 - (-65 + 22 - -47)?
14
Evaluate 107 - 5 - ((-19 - (-31 + 15)) + 6) - -6.
105
(17 - 6) + 6 - (104 + -84)
-3
(15 - (0 - 0)) + 9131 + -9143
3
What is the value of -11 + 8 + -4 + -20 + 18 + 62?
53
0 + -35 - (46 + -25 + -42)
-14
What is the value of 61 + -3 - -28 - 57?
29
What is (99 - 2) + (130 - 184)?
43
What is 47 + -37 - -43 - (18 - 2)?
37
What is the value of -174 + 195 + (-6 - 16)?
-1
-66 - ((-6 - -1) + (-14 - (-5 + -14) - 6))
-60
(126 - 97) + (-20 - 36)
-27
Evaluate (11 - -3) + (-10 + 54 - 12).
46
What is the value of (-1 - (52 - 59)) + (0 - 43)?
-37
What is ((3 - 14) + (-1 - -4) - 47) + (6 - 1)?
-50
What is the value of (-26 - 18) + 28 + -89 + 49?
-56
Calculate -30 + 26 + -28 + 6 - (-3 + (10 - -2)).
-35
What is 8 + (109 - -3) + (46 + -55 - -9)?
120
What is the value of -60 - (-37 - (-63 - -40))?
-46
Evaluate -2 + ((16 + 3 - 11) + 1 - -20).
27
Calculate -88 + 73 + -2 - (-1 - 3 - 32).
19
Calculate -14 + (14 - 0) + -16 + -48 + 20.
-44
Calculate (-85 - -67) + (1 - (-42 + -9)) + 12.
46
9 + (4 + -1 - (-20 - (39 + -53))) + -20
-2
15 - -1 - (-23 - (89 - 107))
21
Calculate (-2 - 2) + (95 - 96) - -12.
7
Evaluate -1 - 52 - (-2 + 54 - (228 + -160)).
-37
(-17 - (-37 + 8 + 7)) + 4 - 10
-1
What is the value of 35 - -4 - 4 - -1?
36
What is the value of (-13 - -11) + -4 - ((0 - -1) + -61)?
54
9 + 11 - (-27 + 87 + 5)
-45
Evaluate -448 + 576 - (127 - 29).
30
Evaluate (21 - 49 - (-21 - 2)) + 16.
11
Calculate 21 - (96 + 49 - 74).
-50
Evaluate 0 + (-11 - (-8 + 10) - 8 - 4).
-25
Evaluate -18 + 78 + -95 + -8.
-43
Calculate 7 - (-18 + -3 + 16 + 18).
-6
What is 34 + (32 - 17 - 4) + -27?
18
What is -8 + 0 + -63 + -8 + 90?
11
28 + (18 - 47 - -51)
50
Evaluate -69 + 0 + (-13 + -14 - -9 - -29).
-58
Evaluate 3 + -1 - ((0 - 12) + -40).
54
Evaluate -2 + 13 + 23 + -43 + (14 - -1) + -84.
-78
What is 140 - (-5 + 2 + (62 - 38))?
119
26 - 2 - -1 - (53 + -67 + 19)
20
-41 - 14 - -45 - (25 + -14 - (0 + -5))
-26
Evaluate -15 + 65 + (18 - (19 + -17 + 3)).
63
Evaluate -3 + -22 + -12 + 21 + (-9 - 1).
-26
What is the value of -6 + (2 - -26) + 22 + -11 + 10?
43
What is the value of -7 + (-52 - (62 + -121))?
0
Calculate -7 + (-3 - (65 + 2 + -5) - (3 + -5)).
-70
(-9 - 3) + 49 + 11 + 12 - 14
46
What is -29 + 286 + -195 + 57?
119
-14 + 22 - (-1 + -6 + 63)
-48
Calculate 28 - (4 - (3 - ((-7 - -8) + 10))).
16
What is 0 + 64 + -8908 + 8832?
-12
(129 - (27 - 11)) + 31 - 37
107
(2 - 22) + (-7 + (2 - -1) - (147 - 154))
-17
Calculate -89 + (-52 - -197) + (19 - 2).
73
Evaluate (-1 - -10) + -25 + -15 + (1 - (22 - 44)).
-8
What is the value of 117 + -73 - (-8 + 10)?
42
(-182 - -21) + 67 + 35
-59
What is 191 + (81 - -49 - 265)?
56
What is the value of (62 - (-4 + 33)) + -69?
-36
Evaluate 50 + -41 - (-133 - -209 - (0 - 12)).
-79
Evaluate 46 - (0 + 4) - (12 - 19 - -4 - -5).
40
Calculate (-32 - -10) + (-2 - -5 - 1) + (59 - 60).
-21
What is the value of 120 + -134 + (1 + 1 - 3) + 8 + -5?
-12
Evaluate 22 - (33 + 3) - (-15 - (-4 + 1)).
-2
Evaluate (147 - 20) + -14 + -4 + -1.
108
(4 - 13) + 0 + (11 - (8 - (39 - 19)))
14
(72 - 120 - -42) + (3 - 2 - (87 + 2))
-94
What is the value of -21 + (12 + 0 - (-454 + 474))?
-29
Evaluate 4 + (-19 - 5 - -5) - (1558 - 1592).
19
What is the value of -2 + -1 + (2 - (106 + -122))?
15
What is the value of 0 + -8 + -1522 + 1477?
-53
Calculate (5 - -1) + -3 + 24 + 9 + -5 + 6.
37
Calculate -34 - ((-98 - -31) + 13).
20
Calculate (299 - 190 - (2 - -8)) + -15 + 13.
97
Evaluate 36 - (6 + 10 + -12 - -19) - -16.
29
What is -16 - 2 - (6 + (-23 - 23))?
22
108 - (170 + (-223 - -115))
46
What is 3 - (14 + (-11 - (-8 + 20)))?
12
What is -4 + (30 - 37 - ((37 - 2) + -5))?
-41
Evaluate -3139 + 3203 - (52 + -1).
13
What is the value of -5 + -10 + 127 + -1 + (12 - 8) + 9?
124
94 + (35 - (29 + (-38 - -33)))
105
Evaluate (-5 + (8 + 7 + -11 - 12) - 95) + 1.
-107
Evaluate 18 - (3 + (11 - 1) + (-184 - -156)).
33
Evaluate -8 + (1 + (-2 - 4) - ((-42 - -28) + -35)).
36
Evaluate -38 + (-64 - 39) + (2 - -44).
-95
Calculate -60 + (79 - (-46 - -16)).
49
Evaluate -56 + (90 + -140 - -113).
7
What is the value of (-7 - -54 - -109) + -78?
78
Calculate 23 - ((40 - 21) + -37) - (1 - -1).
39
What is the value of 63 - (31 - (26 + -50))?
8
What is the value of -44 + (5 + -10 - 8 - -16)?
-41
What is the value of -30 + 24 + -9 - (-11 - 4)?
0
Evaluate 1 - (-1 + 7) - (-39 - -23).
11
Evaluate 12 + -51 + -16 + -16 + 41.
-30
Calculate -176 + (49 - -30) - -48.
-49
Calculate -57 + -4 + (405 - 389).
-45
What is (-8 - (-4 + -1 + 7)) + 2 - (48 + -13)?
-43
16 + -49 + 46 + -41
-28
Calculate (-9 - -14) + 0 + -4 + (118 - 55) + -1.
63
What is the value of -28 - (8 + 4 + 2 + (57 - 79))?
-20
What is the value of -70 + 25 + 69 + 27?
51
What is -1 + -25 + 17 + -9?
-18
Evaluate (-2 - 11 - -20 - 51) + (-1 - 13).
-58
(15 + 1 - (21 + -24 + 12)) + -80 - -11
